7?
3, 11, 13, 29, 167
List the prime factors of 6471537.
3, 1409, 1531
List the prime factors of 1034684.
2, 7, 5279
List the prime factors of 6069336.
2, 3, 7, 13, 397
List the prime factors of 389193.
3, 7, 43, 431
What are the prime factors of 1720758?
2, 3, 13, 1697
List the prime factors of 914571.
3, 7, 1613
List the prime factors of 81947.
19, 227
What are the prime factors of 204408?
2, 3, 17, 167
List the prime factors of 1533231.
3, 7, 24337
List the prime factors of 5637257.
31, 43, 4229
List the prime factors of 123200.
2, 5, 7, 11
What are the prime factors of 376619?
31, 12149
What are the prime factors of 118192?
2, 83, 89
List the prime factors of 361395.
3, 5, 2677
List the prime factors of 2287727.
13, 175979
List the prime factors of 160648.
2, 43, 467
What are the prime factors of 398072?
2, 17, 2927
List the prime factors of 2816250.
2, 3, 5, 751
List the prime factors of 665778.
2, 3, 37, 2999
List the prime factors of 119539.
7, 17077
List the prime factors of 2796171.
3, 7, 47, 2833
List the prime factors of 25496866.
2, 347, 36739
List the prime factors of 914438.
2, 7, 31, 43
List the prime factors of 193328.
2, 43, 281
What are the prime factors of 17875055?
5, 11, 325001
What are the prime factors of 2322341?
7, 103, 3221
What are the prime factors of 61?
61
What are the prime factors of 9286350?
2, 3, 5, 61909
List the prime factors of 218799.
3, 7, 23, 151
List the prime factors of 996596.
2, 73, 3413
List the prime factors of 297186.
2, 3, 49531
What are the prime factors of 3822190?
2, 5, 311, 1229
List the prime factors of 446172.
2, 3, 37181
List the prime factors of 4652805.
3, 5, 310187
What are the prime factors of 315464?
2, 47, 839
List the prime factors of 16009534.
2, 163, 49109
What are the prime factors of 171125?
5, 37
List the prime factors of 93499.
7, 19, 37
What are the prime factors of 383064?
2, 3, 11, 1451
List the prime factors of 3190623.
3, 1063541
List the prime factors of 9872962.
2, 11, 103, 4357
List the prime factors of 12789760.
2, 5, 1249
List the prime factors of 1467204.
2, 3, 122267
List the prime factors of 118584.
2, 3, 61
List the prime factors of 277625.
5, 2221
List the prime factors of 238915.
5, 71, 673
List the prime factors of 3146848.
2, 29, 3391
List the prime factors of 3100118.
2, 7, 79, 2803
List the prime factors of 3275888.
2, 7, 11, 2659
What are the prime factors of 3664243?
11, 2753
What are the prime factors of 29327?
29327
What are the prime factors of 35552?
2, 11, 101
What are the prime factors of 9050518?
2, 4525259
List the prime factors of 692759.
19, 101
List the prime factors of 152251.
11, 13841
What are the prime factors of 4437857?
4437857
List the prime factors of 8200293.
3, 2733431
List the prime factors of 589841.
7, 84263
List the prime factors of 12384914.
2, 29, 213533
What are the prime factors of 290383?
290383
What are the prime factors of 3100651?
29, 31, 3449
What are the prime factors of 485979?
3, 13, 17, 733
What are the prime factors of 25369216?
2, 198197
What are the prime factors of 173882?
2, 227, 383
What are the prime factors of 6384469?
7, 13, 17, 4127
List the prime factors of 256760.
2, 5, 7, 131
What are the prime factors of 5312742?
2, 3, 19, 29, 1607
What are the prime factors of 1480731?
3, 7, 1439
List the prime factors of 1229577.
3, 61, 6719
What are the prime factors of 2440307?
179, 13633
What are the prime factors of 2128344?
2, 3, 88681
What are the prime factors of 62989?
62989
What are the prime factors of 11498998?
2, 7, 163, 5039
What are the prime factors of 13026334?
2, 43, 167, 907
What are the prime factors of 217137?
3, 72379
What are the prime factors of 1206491?
11, 13, 59
What are the prime factors of 8316358?
2, 41, 101419
List the prime factors of 66024.
2, 3, 7, 131
List the prime factors of 29311289.
7, 37, 113171
List the prime factors of 5201732.
2, 1300433
List the prime factors of 2844683.
157, 18119
What are the prime factors of 1375595?
5, 13, 21163
What are the prime factors of 665723?
665723
What are the prime factors of 6631283?
389, 17047
What are the prime factors of 1306084?
2, 13, 25117
What are the prime factors of 10037906?
2, 59, 257, 331
What are the prime factors of 1914637?
1914637
What are the prime factors of 1077022?
2, 538511
What are the prime factors of 561225?
3, 5, 7, 1069
What are the prime factors of 18017217?
3, 227, 8819
What are the prime factors of 22144134?
2, 3, 3690689
List the prime factors of 13823467.
7, 1974781
List the prime factors of 333290.
2, 5, 33329
What are the prime factors of 5163842?
2, 2581921
List the prime factors of 9962.
2, 17, 293
What are the prime factors of 307350?
2, 3, 5, 683
List the prime factors of 7392831.
3, 1249, 1973
What are the prime factors of 463232?
2, 7, 11, 47
List the prime factors of 15129948.
2, 3, 1260829
List the prime factors of 207078.
2, 3, 34513
What are the prime factors of 2877688?
2, 11, 53, 617
What are the prime factors of 346163?
41, 8443
List the prime factors of 14746346.
2, 191, 38603
What are the prime factors of 92676?
2, 3, 7723
What are the prime factors of 8060447?
2677, 3011
List the prime factors of 2371495.
5, 7, 67757
List the prime factors of 5628515.
5, 31, 36313
What are the prime factors of 15712374?
2, 3, 29, 73, 1237
List the prime factors of 8651921.
2621, 3301
What are the prime factors of 599442?
2, 3, 99907
List the prime factors of 796792.
2, 137, 727
What are the prime factors of 934579?
934579
List the prime factors of 3227144.
2, 17, 61, 389
List the prime factors of 199746.
2, 3, 137
What are the prime factors of 767466?
2, 3, 7, 6091
What are the prime factors of 499064?
2, 62383
What are the prime factors of 5324732?
2, 7, 3881
What are the prime factors of 726557?
13, 55889
What are the prime factors of 193771?
193771
List the prime factors of 1833892.
2, 17, 149, 181
List the prime factors of 3666564.
2, 3, 11, 47, 197
What are the prime factors of 7216129?
7216129
What are the prime factors of 730426?
2, 365213
List the prime factors of 19272231.
3, 11, 53, 3673
What are the prime factors of 11436539?
11436539
List the prime factors of 308011.
11, 28001
List the prime factors of 6484503.
3, 101, 21401
What are the prime factors of 191817?
3, 21313
What are the prime factors of 541308?
2, 3, 79, 571
What are the prime factors of 27083405?
5, 5416681
What are the prime factors of 129818?
2, 13, 4993
List the prime factors of 2002362.
2, 3, 17, 67, 293
What are the prime factors of 126432?
2, 3, 439
What are the prime factors of 377457?
3, 47, 2677
What are the prime factors of 17093639?
1699, 10061
What are the prime factors of 189781?
173, 1097
List the prime factors of 6796094.
2, 3398047
List the prime factors of 888150.
2, 3, 5, 31, 191
What are the prime factors of 21825154?
2, 13, 839429
What are the prime factors of 562712?
2, 31, 2269
What are the prime factors of 7533326?
2, 3766663
What are the prime factors of 16582284?
2, 3, 460619
What are the prime factors of 98607?
3, 32869
What are the prime factors of 619238?
2, 269, 1151
List the prime factors of 451911.
3, 17, 8861
What are the prime factors of 80523?
3, 23, 389
What are the prime factors of 2413100?
2, 5, 59, 409
List the prime factors of 3263733.
3, 11, 37
List the prime factors of 537133.
537133
List the prime factors of 693572.
2, 11, 1433
What are the prime factors of 158240?
2, 5, 23, 43
What are the prime factors of 6268506?
2, 3, 1044751
What are the prime factors of 1073609?
29, 37021
List the prime factors of 273818.
2, 29, 4721
What are the prime factors of 648003?
3, 61, 3541
List the prime factors of 22322398.
2, 7, 79, 20183
What are the prime factors of 67878?
2, 3, 419
List the prime factors of 722846.
2, 73, 4951
What are the prime factors of 970294?
2, 13, 67, 557
What are the prime factors of 2028625?
5, 16229
List the prime factors of 722422.
2, 361211
List the prime factors of 7310381.
13, 562337
What are the prime factors of 329861?
7, 47123
What are the prime factors of 1767584?
2, 7, 13, 607
What are the prime factors of 756856?
2, 89, 1063
List the prime factors of 4247381.
4247381
What are the prime factors of 536485?
5, 41, 2617
List the prime factors of 183103.
19, 23, 419
What a